actor of z and 6?
6
Let i = -383 - -384. What is the highest common divisor of 9 and i?
1
Let f(u) = -1 - 1 - 3*u + u**2 + 4*u + 3 - 74*u**3. Let x be f(-1). What is the greatest common divisor of 30 and x?
15
Suppose 2*r - 6*r + 16 = 0. Let k = r + -19. Let f = k + 29. What is the greatest common divisor of 42 and f?
14
Suppose -12 = -o + 19. Calculate the highest common factor of 93 and o.
31
Let a(m) = 40*m + 302. Let k be a(-7). Calculate the greatest common factor of 55 and k.
11
Let u be 102*7/189 - 4/(-18). Suppose -2*f = -3*m - 9 - 54, 2*f - 60 = u*m. What is the highest common factor of f and 18?
18
Let f be 4/42 - (-1252)/84. What is the greatest common divisor of f and 165?
15
Let l(y) = 11 - y**2 + 8*y + 0*y + 8*y. Let v be l(13). What is the greatest common factor of v and 5?
5
Suppose 5*n - 3*o = 391, -3*n + 371 = 5*o + 116. Suppose 0 = 5*d + 5, 2*r = d + 5 + 16. Calculate the highest common factor of n and r.
10
Suppose -99*h = -103*h + 96. What is the greatest common divisor of 84 and h?
12
Let a = -3 + 8. Let z be (a - 6)/(1/(-18)). What is the highest common divisor of z and 9?
9
Suppose 7*q - 549 = 655. Calculate the greatest common factor of q and 129.
43
Let t = 1 + 2. Suppose -5*u + 2*h + 94 = -6*u, -u = -3*h + 89. Let l be t - (-2 - -9) - u. What is the highest common divisor of 22 and l?
22
Suppose 4*b + 3*b = 21. Suppose -4*d - 2*c + 368 = 0, c + b*c - 466 = -5*d. What is the highest common factor of 10 and d?
10
Let g = -7 + 16. Suppose -9*u + 14*u = 495. What is the greatest common factor of g and u?
9
Suppose 2*o - 158 = -2*g - 26, -g + 50 = -3*o. Calculate the highest common divisor of g and 16.
2
Suppose -z - 2 + 4 = 2*d, -z = 4*d. Let f be (3 + 1)*d - -8. Suppose -12 = -4*p + f. What is the greatest common divisor of p and 12?
4
Let q be (16/34)/(-4) - 7502/(-187). What is the highest common factor of q and 125?
5
Suppose 5*m + 141 = 161. Suppose 0 = -3*a - 2*a - 3*y + 548, 3*y = m*a - 460. Calculate the highest common divisor of a and 56.
56
Let l(p) = -6 + 10*p - 27*p + 12*p. Let u be l(-4). Calculate the greatest common divisor of 7 and u.
7
Let f be 1 - -36*1/(-3)*-3. What is the highest common factor of 37 and f?
37
Suppose 214*j - 48 = 206*j. Let r be 0 + 1*(2 + 0). Suppose 15 = -l + r*l. Calculate the highest common factor of l and j.
3
Let n = 1 + 1. Let i(y) = -2 + 1 + n + 0 - y. Let p be i(-11). What is the highest common divisor of p and 18?
6
Let y = -14 + 16. Suppose -k + 232 = -y*m, -k - 4*m + 204 = m. What is the greatest common factor of 28 and k?
28
Suppose -5*x = -4*p + 27 + 68, 0 = 3*p + 4*x - 110. Calculate the greatest common divisor of p and 50.
10
Let t(m) be the third derivative of -m**6/20 - m**5/60 + m**4/6 + m**3/3 - 10*m**2. Let z be t(-3). What is the greatest common divisor of z and 13?
13
Suppose 147 = 4*b - 117. Calculate the greatest common divisor of 231 and b.
33
Let b(t) = -24*t + 19. Let y be b(-3). Suppose -w = 3*w. Suppose 52 = 4*l - w*l. What is the highest common factor of y and l?
13
Let s(h) = -11*h - 19. Let d be s(-17). Suppose -3*v - 6*o + 72 = -o, o + 120 = 5*v. What is the highest common divisor of d and v?
24
Let a be 1*2/(-4)*0. Suppose -x - x + 10 = a, -3*x + 775 = 5*t. Suppose 4*z - t = 4*i, 36 = 3*z - 2*z - 3*i. What is the highest common divisor of 13 and z?
13
Let p(g) = 9*g**2 - g. Let b be p(5). Let j be 8/(2/(-3) + (-128)/(-120)). Suppose 22*u - j*u = 40. What is the highest common factor of u and b?
20
Let m = -3 + 4. Let p(r) = r**3 - 4*r**2 + r + 5. Let g be p(4). Calculate the greatest common factor of m and g.
1
Let k = 761 + -755. Calculate the highest common factor of k and 384.
6
Let b(o) = 3*o - 4. Let s be b(-3). Let w be (0 + -1)*(s - 113). What is the greatest common divisor of 14 and w?
14
Let a be 180/(-18) - -12 - -1*166. Calculate the greatest common factor of a and 189.
21
Let p(q) = -q**2 + 4*q + 1. Let k be 0 + (-1 - 3) + 7. Let f be p(k). What is the highest common factor of f and 8?
4
Let q = -5 + 49. Let v be (-136)/(-51)*198/8. What is the highest common divisor of q and v?
22
Let o be (-11)/(44/20)*(-60)/4. Calculate the highest common factor of o and 2400.
75
Let v be (660/(-9))/(-11)*12. What is the highest common divisor of 5 and v?
5
Suppose 4*s - 78 - 70 = 0. Let k = s + -20. What is the greatest common factor of 136 and k?
17
Let t = -33 + 33. Suppose 4*a + 4*n = -t*n + 72, 5*n = -4*a + 72. Calculate the highest common factor of 198 and a.
18
Let y be 1 + -2 + (-4 - (2 - 93)). Let z = -65 + y. What is the greatest common divisor of 14 and z?
7
Let p be (4/(-6))/((-19)/228). Suppose 3*k + 96 = 11*k. What is the highest common factor of p and k?
4
Suppose -124 = -4*k + 4*l, 104*k + 2*l = 100*k + 100. What is the highest common divisor of 1 and k?
1
Suppose 4*o - 3 = 5. Suppose -4*n + 191 = n + o*z, -4*z = -3*n + 125. What is the highest common factor of n and 13?
13
Let v = 19 - 12. Let k(y) = -y**2 + 23*y - 16. Let d be k(22). Let u be 455/63 - d/27. Calculate the greatest common factor of v and u.
7
Let p(a) = -4*a + 3. Let w be p(-4). Suppose 0 = -4*g + 47 - 155. Let n = g + 84. What is the greatest common factor of w and n?
19
Suppose -1 = -4*q + 3*j, -q - 4*j - j = -6. Let k = -7 - -18. Suppose -5*y = -5, 0 = -s - 5*y + y + k. Calculate the greatest common divisor of s and q.
1
Let s = -62 - -38. Let n = -20 - s. Suppose k + n = 3*k. What is the greatest common divisor of 5 and k?
1
Let j = 316 + -302. Calculate the highest common factor of 126 and j.
14
Let u be 153/34*(2 + (-2)/3). Calculate the greatest common factor of u and 7.
1
Let m(q) = -q. Let o(t) = t + 2. Let w be o(-2). Let v be (-1 - w)/(12/60). Let z be m(v). What is the greatest common factor of z and 10?
5
Let o(m) = -43 + 2*m + 45 + 2*m - 2*m. Let z be o(2). Let j = 5 - -61. What is the highest common divisor of z and j?
6
Let h = 974 - 968. Calculate the greatest common factor of h and 282.
6
Let c = -771 - -836. Calculate the greatest common divisor of 715 and c.
65
Let r(h) = 8*h + 13. Let q = 9 - 5. Let s be r(q). Calculate the highest common divisor of 5 and s.
5
Suppose 3*v + 0*v - 270 = 0. Let w = -40 - -63. Suppose -w = -i - 5. Calculate the highest common factor of v and i.
18
Let p(a) = -a**3 + 6*a**2 + 3*a + 15. Let z be p(6). Let h = 561 + -297. Calculate the highest common factor of h and z.
33
Let s(j) = 16*j - 2. Let x be s(7). Let q(d) = 4*d - 6. Let n be (-25)/(-6) - 2/12. Let b be q(n). What is the highest common factor of b and x?
10
Let h = 31 - 17. Suppose -5*z - 356 = 7*m - 10*m, z - 444 = -4*m. What is the highest common factor of h and m?
14
Let y(i) = i**3 + 5*i**2 - i - 8. Let r be y(7). Let d be (14/(-8))/(r/192 + -3). Calculate the greatest common factor of 16 and d.
16
Let k = 17 + -19. Let t = 37 - k. Calculate the greatest common factor of 39 and t.
39
Let n = 41 + 94. Calculate the highest common factor of 45 and n.
45
Let r(v) = -3*v - 29. Let k be r(-13). Let j = k + -5. Suppose -j*d = -75 + 20. What is the highest common factor of 11 and d?
11
Let s be (3 + -7 - -51)*(-1 - -7). Calculate the highest common factor of s and 6.
6
Suppose -8*s + 20 = -4*s. Suppose c + 72 = s*c. What is the highest common divisor of c and 162?
18
Suppose -2*i + w - 4 = -0*i, -3*i + 5*w + 1 = 0. Let p be (3 + 3)*(-10)/i. Let g = 40 - 10. Calculate the highest common factor of p and g.
10
Suppose 5*z - 30 = 4*z. Suppose -28 = 2*x - z. What is the highest common factor of x and 1?
1
Suppose 3 = -3*v, 4*x - 160 + 21 = 3*v. Calculate the highest common divisor of x and 22.
2
Suppose 15*u = 54*u - 546. What is the highest common divisor of u and 1246?
14
Let q be (4/(-3))/((-19)/171). Calculate the highest common factor of 52 and q.
4
Let p = -19 - -33. Let l be (-5 - (-6)/2) + 37. Calculate the greatest common factor of p and l.
7
Let f be (78*-1)/6*-1. Suppose 40 = 18*g - f*g. Calculate the greatest common factor of g and 1.
1
Let b(v) = 2*v**2 - 31*v + 15. Let l be b(20). Calculate the greatest common divisor of 30 and l.
15
Suppose -2*b = -2*a, 4*b = -5*a + b. Suppose -5*r + 861 - 266 = a. Let v be -2 - 2/((-4)/38). What is the highest common factor of r and v?
17
Let j be (-4736)/(-259) - ((-32)/(-14) + -2). Calculate the greatest common fa